{"id":8749,"date":"2020-08-02T18:27:06","date_gmt":"2020-08-02T18:27:06","guid":{"rendered":"https:\/\/capazmente.com\/investigacion\/?page_id=8749"},"modified":"2020-08-02T18:27:06","modified_gmt":"2020-08-02T18:27:06","slug":"tablas-de-investigacion","status":"publish","type":"page","link":"https:\/\/ciesas.edu.mx\/investigacion\/tablas-de-investigacion\/","title":{"rendered":"Tablas de Investigaci\u00f3n Golfo"},"content":{"rendered":"\n<div class=\"wp-block-qubely-row qubely-section qubely-block-fe16d5\"><div class=\"qubely-row-overlay\"><\/div><div class=\"qubely-container\"><div class=\"qubely-row \">\n<div class=\"wp-block-qubely-column qubely-column qubely-column-front qubely-block-1631e4\"><div class=\"qubely-column-inner\">\n<div class=\"wp-block-ugb-container ugb-container ugb-3e28d96 ugb-container--v2 ugb-container--design-basic ugb-main-block\" id=\"\"><div class=\"ugb-inner-block\"><div class=\"ugb-block-content\"><div class=\"ugb-container__wrapper ugb-3e28d96-wrapper\"><div class=\"ugb-container__side\"><div class=\"ugb-container__content-wrapper ugb-3e28d96-content-wrapper\">\n<p>Unidad Regional Golfo<\/p>\n\n\n<div class=\"wp-block-ugb-button ugb-button-wrapper ugb-6fb1b69 ugb-main-block\" id=\"\"><div class=\"ugb-inner-block\"><div class=\"ugb-block-content\"><div class=\"ugb-button-container\"><a class=\"ugb-button1 ugb-button ugb-button--size-normal\" href=\"https:\/\/capazmente.com\/investigacion\/datos-de-investigacion-ciesas\/\" target=\"_blank\" rel=\"noopener noreferrer\"><span class=\"ugb-button--inner\">Regreso <\/span><\/a><\/div><\/div><\/div><\/div>\n<\/div><\/div><\/div><\/div><\/div><\/div>\n\n\n<ol class=\"is-style-default wp-block-list\"><li>Pol\u00edticas, ambiente y sociedad<\/li><\/ol>\n\n\n[table id=4 filter=&#8221;Golfo&amp;&amp;1.&#8221; \/]\n\n\n<ul class=\"is-style-default wp-block-list\"><li>2. Antropolog\u00eda, historia econ\u00f3mica y globalizaci\u00f3n<\/li><\/ul>\n\n\n[table id=4 filter=&#8221;Golfo&amp;&amp;2.&#8221; \/]\n\n\n<ul class=\"is-style-default wp-block-list\"><li>3. Procesos educativos hist\u00f3ricos y contempor\u00e1neos<\/li><\/ul>\n\n\n[table id=4 filter=&#8221;Golfo&amp;&amp;3.&#8221; \/]\n\n\n<ul class=\"is-style-default wp-block-list\"><li>4. Antropolog\u00eda Jur\u00eddica, pol\u00edtica, violencia y g\u00e9nero<\/li><\/ul>\n\n\n[table id=4 filter=&#8221;Golfo&amp;&amp;4.&#8221; \/]\n\n\n<ul class=\"is-style-default wp-block-list\"><li>5. Antropolog\u00eda M\u00e9dica<\/li><\/ul>\n\n\n[table id=4 filter=&#8221;Golfo&amp;&amp;5.&#8221; \/]\n\n\n<ul class=\"is-style-default wp-block-list\"><li>6. Movilidad y procesos urbanos<\/li><\/ul>\n\n\n[table id=4 filter=&#8221;Golfo&amp;&amp;6.&#8221; \/]\n\n\n<ul class=\"is-style-default wp-block-list\"><li>7. Pueblos y Lenguas Ind\u00edgenas, pasado y presente<\/li><\/ul>\n\n\n[table id=4 filter=&#8221;Golfo&amp;&amp;7.&#8221; \/]\n\n\n<ul class=\"is-style-default wp-block-list\"><li>8. Cultura, Ideolog\u00eda y Religi\u00f3n<\/li><\/ul>\n\n\n[table id=4 filter=&#8221;Golfo&amp;&amp;8.&#8221; \/]\n\n\n<ul class=\"is-style-default wp-block-list\"><li>9. Otros<\/li><\/ul>\n\n\n[table id=4 filter=&#8221;Golfo&amp;&amp;9.&#8221; \/]\n<\/div><\/div>\n<\/div><\/div><\/div>\n<div class=\"pvc_clear\"><\/div><p id=\"pvc_stats_8749\" class=\"pvc_stats all  \" data-element-id=\"8749\" style=\"\"><i class=\"pvc-stats-icon small\" aria-hidden=\"true\"><svg aria-hidden=\"true\" focusable=\"false\" data-prefix=\"far\" data-icon=\"chart-bar\" role=\"img\" xmlns=\"http:\/\/www.w3.org\/2000\/svg\" viewBox=\"0 0 512 512\" class=\"svg-inline--fa fa-chart-bar fa-w-16 fa-2x\"><path fill=\"currentColor\" d=\"M396.8 352h22.4c6.4 0 12.8-6.4 12.8-12.8V108.8c0-6.4-6.4-12.8-12.8-12.8h-22.4c-6.4 0-12.8 6.4-12.8 12.8v230.4c0 6.4 6.4 12.8 12.8 12.8zm-192 0h22.4c6.4 0 12.8-6.4 12.8-12.8V140.8c0-6.4-6.4-12.8-12.8-12.8h-22.4c-6.4 0-12.8 6.4-12.8 12.8v198.4c0 6.4 6.4 12.8 12.8 12.8zm96 0h22.4c6.4 0 12.8-6.4 12.8-12.8V204.8c0-6.4-6.4-12.8-12.8-12.8h-22.4c-6.4 0-12.8 6.4-12.8 12.8v134.4c0 6.4 6.4 12.8 12.8 12.8zM496 400H48V80c0-8.84-7.16-16-16-16H16C7.16 64 0 71.16 0 80v336c0 17.67 14.33 32 32 32h464c8.84 0 16-7.16 16-16v-16c0-8.84-7.16-16-16-16zm-387.2-48h22.4c6.4 0 12.8-6.4 12.8-12.8v-70.4c0-6.4-6.4-12.8-12.8-12.8h-22.4c-6.4 0-12.8 6.4-12.8 12.8v70.4c0 6.4 6.4 12.8 12.8 12.8z\" class=\"\"><\/path><\/svg><\/i> <img loading=\"lazy\" decoding=\"async\" width=\"16\" height=\"16\" alt=\"Loading\" src=\"https:\/\/ciesas.edu.mx\/investigacion\/wp-content\/plugins\/page-views-count\/ajax-loader-2x.gif\" border=0 \/><\/p><div class=\"pvc_clear\"><\/div>","protected":false},"excerpt":{"rendered":"<div class=\"pvc_clear\"><\/div>\n<p id=\"pvc_stats_8749\" class=\"pvc_stats all  \" data-element-id=\"8749\" style=\"\"><i class=\"pvc-stats-icon small\" aria-hidden=\"true\"><svg aria-hidden=\"true\" focusable=\"false\" data-prefix=\"far\" data-icon=\"chart-bar\" role=\"img\" xmlns=\"http:\/\/www.w3.org\/2000\/svg\" viewBox=\"0 0 512 512\" class=\"svg-inline--fa fa-chart-bar fa-w-16 fa-2x\"><path fill=\"currentColor\" d=\"M396.8 352h22.4c6.4 0 12.8-6.4 12.8-12.8V108.8c0-6.4-6.4-12.8-12.8-12.8h-22.4c-6.4 0-12.8 6.4-12.8 12.8v230.4c0 6.4 6.4 12.8 12.8 12.8zm-192 0h22.4c6.4 0 12.8-6.4 12.8-12.8V140.8c0-6.4-6.4-12.8-12.8-12.8h-22.4c-6.4 0-12.8 6.4-12.8 12.8v198.4c0 6.4 6.4 12.8 12.8 12.8zm96 0h22.4c6.4 0 12.8-6.4 12.8-12.8V204.8c0-6.4-6.4-12.8-12.8-12.8h-22.4c-6.4 0-12.8 6.4-12.8 12.8v134.4c0 6.4 6.4 12.8 12.8 12.8zM496 400H48V80c0-8.84-7.16-16-16-16H16C7.16 64 0 71.16 0 80v336c0 17.67 14.33 32 32 32h464c8.84 0 16-7.16 16-16v-16c0-8.84-7.16-16-16-16zm-387.2-48h22.4c6.4 0 12.8-6.4 12.8-12.8v-70.4c0-6.4-6.4-12.8-12.8-12.8h-22.4c-6.4 0-12.8 6.4-12.8 12.8v70.4c0 6.4 6.4 12.8 12.8 12.8z\" class=\"\"><\/path><\/svg><\/i> <img loading=\"lazy\" decoding=\"async\" width=\"16\" height=\"16\" alt=\"Loading\" src=\"https:\/\/ciesas.edu.mx\/investigacion\/wp-content\/plugins\/page-views-count\/ajax-loader-2x.gif\" border=0 \/><\/p>\n<div class=\"pvc_clear\"><\/div>\n","protected":false},"author":5,"featured_media":0,"parent":0,"menu_order":88,"comment_status":"closed","ping_status":"closed","template":"","meta":{"qubely_global_settings":"","qubely_interactions":"","om_disable_all_campaigns":false,"_uag_custom_page_level_css":"","_monsterinsights_skip_tracking":false,"_monsterinsights_sitenote_active":false,"_monsterinsights_sitenote_note":"","_monsterinsights_sitenote_category":0,"footnotes":""},"class_list":["post-8749","page","type-page","status-publish","hentry"],"aioseo_notices":[],"featured_image_urls_v2":{"full":"","thumbnail":"","medium":"","medium_large":"","large":"","1536x1536":"","2048x2048":"","qubely_landscape":"","qubely_portrait":"","qubely_thumbnail":"","gb-block-post-grid-landscape":"","gb-block-post-grid-square":"","ciesas":"","noticias":"","noticias_portrait":"","posgrados":"","fotoacademicos":"","noticias-investigacion":"","academico":"","academico-listado":"","sedes-foto":""},"post_excerpt_stackable_v2":"<p>Unidad Regional Golfo Regreso Pol\u00edticas, ambiente y sociedad [table id=4 filter=&#8221;Golfo&amp;&amp;1.&#8221; \/] 2. Antropolog\u00eda, historia econ\u00f3mica y globalizaci\u00f3n [table id=4 filter=&#8221;Golfo&amp;&amp;2.&#8221; \/] 3. Procesos educativos hist\u00f3ricos y contempor\u00e1neos [table id=4 filter=&#8221;Golfo&amp;&amp;3.&#8221; \/] 4. Antropolog\u00eda Jur\u00eddica, pol\u00edtica, violencia y g\u00e9nero [table id=4 filter=&#8221;Golfo&amp;&amp;4.&#8221; \/] 5. Antropolog\u00eda M\u00e9dica [table id=4 filter=&#8221;Golfo&amp;&amp;5.&#8221; \/] 6. Movilidad y procesos urbanos [table id=4 filter=&#8221;Golfo&amp;&amp;6.&#8221; \/] 7. Pueblos y Lenguas Ind\u00edgenas, pasado y presente [table id=4 filter=&#8221;Golfo&amp;&amp;7.&#8221; \/] 8. Cultura, Ideolog\u00eda y Religi\u00f3n [table id=4 filter=&#8221;Golfo&amp;&amp;8.&#8221; \/] 9. Otros [table id=4 filter=&#8221;Golfo&amp;&amp;9.&#8221; \/]<\/p>\n<div class=\"pvc_clear\"><\/div>\n<p id=\"pvc_stats_8749\" class=\"pvc_stats all  \" data-element-id=\"8749\" style=\"\"><i class=\"pvc-stats-icon small\" aria-hidden=\"true\"><svg aria-hidden=\"true\" focusable=\"false\" data-prefix=\"far\" data-icon=\"chart-bar\" role=\"img\" xmlns=\"http:\/\/www.w3.org\/2000\/svg\" viewBox=\"0 0 512 512\" class=\"svg-inline--fa fa-chart-bar fa-w-16 fa-2x\"><path fill=\"currentColor\" d=\"M396.8 352h22.4c6.4 0 12.8-6.4 12.8-12.8V108.8c0-6.4-6.4-12.8-12.8-12.8h-22.4c-6.4 0-12.8 6.4-12.8 12.8v230.4c0 6.4 6.4 12.8 12.8 12.8zm-192 0h22.4c6.4 0 12.8-6.4 12.8-12.8V140.8c0-6.4-6.4-12.8-12.8-12.8h-22.4c-6.4 0-12.8 6.4-12.8 12.8v198.4c0 6.4 6.4 12.8 12.8 12.8zm96 0h22.4c6.4 0 12.8-6.4 12.8-12.8V204.8c0-6.4-6.4-12.8-12.8-12.8h-22.4c-6.4 0-12.8 6.4-12.8 12.8v134.4c0 6.4 6.4 12.8 12.8 12.8zM496 400H48V80c0-8.84-7.16-16-16-16H16C7.16 64 0 71.16 0 80v336c0 17.67 14.33 32 32 32h464c8.84 0 16-7.16 16-16v-16c0-8.84-7.16-16-16-16zm-387.2-48h22.4c6.4 0 12.8-6.4 12.8-12.8v-70.4c0-6.4-6.4-12.8-12.8-12.8h-22.4c-6.4 0-12.8 6.4-12.8 12.8v70.4c0 6.4 6.4 12.8 12.8 12.8z\" class=\"\"><\/path><\/svg><\/i> <img loading=\"lazy\" decoding=\"async\" width=\"16\" height=\"16\" alt=\"Loading\" src=\"https:\/\/ciesas.edu.mx\/investigacion\/wp-content\/plugins\/page-views-count\/ajax-loader-2x.gif\" border=0 \/><\/p>\n<div class=\"pvc_clear\"><\/div>\n","category_list_v2":"","author_info_v2":{"name":"Elizabeth","url":"https:\/\/ciesas.edu.mx\/investigacion\/author\/elizabeth\/"},"comments_num_v2":"0 comentarios","featured_image_src":null,"featured_image_src_square":null,"uagb_featured_image_src":{"full":false,"thumbnail":false,"medium":false,"medium_large":false,"large":false,"1536x1536":false,"2048x2048":false,"qubely_landscape":false,"qubely_portrait":false,"qubely_thumbnail":false,"gb-block-post-grid-landscape":false,"gb-block-post-grid-square":false,"ciesas":false,"noticias":false,"noticias_portrait":false,"posgrados":false,"fotoacademicos":false,"noticias-investigacion":false,"academico":false,"academico-listado":false,"sedes-foto":false},"uagb_author_info":{"display_name":"Elizabeth","author_link":"https:\/\/ciesas.edu.mx\/investigacion\/author\/elizabeth\/"},"uagb_comment_info":0,"uagb_excerpt":null,"_links":{"self":[{"href":"https:\/\/ciesas.edu.mx\/investigacion\/wp-json\/wp\/v2\/pages\/8749","targetHints":{"allow":["GET"]}}],"collection":[{"href":"https:\/\/ciesas.edu.mx\/investigacion\/wp-json\/wp\/v2\/pages"}],"about":[{"href":"https:\/\/ciesas.edu.mx\/investigacion\/wp-json\/wp\/v2\/types\/page"}],"author":[{"embeddable":true,"href":"https:\/\/ciesas.edu.mx\/investigacion\/wp-json\/wp\/v2\/users\/5"}],"replies":[{"embeddable":true,"href":"https:\/\/ciesas.edu.mx\/investigacion\/wp-json\/wp\/v2\/comments?post=8749"}],"version-history":[{"count":0,"href":"https:\/\/ciesas.edu.mx\/investigacion\/wp-json\/wp\/v2\/pages\/8749\/revisions"}],"wp:attachment":[{"href":"https:\/\/ciesas.edu.mx\/investigacion\/wp-json\/wp\/v2\/media?parent=8749"}],"curies":[{"name":"wp","href":"https:\/\/api.w.org\/{rel}","templated":true}]}}