{"id":9416,"date":"2020-09-19T18:43:25","date_gmt":"2020-09-19T18:43:25","guid":{"rendered":"https:\/\/capazmente.com\/investigacion\/?page_id=9416"},"modified":"2025-01-20T23:39:03","modified_gmt":"2025-01-20T23:39:03","slug":"catedra-arturo-warman-2","status":"publish","type":"page","link":"https:\/\/ciesas.edu.mx\/investigacion\/catedra-arturo-warman-2\/","title":{"rendered":"C\u00e1tedra Arturo Warman"},"content":{"rendered":"\n<div class=\"wp-block-qubely-row qubely-section qubely-block-a8113b\"><div class=\"qubely-row-overlay\"><\/div><div class=\"qubely-container\"><div class=\"qubely-row \">\n<div class=\"wp-block-qubely-column qubely-column qubely-column-front qubely-block-57130a\"><div class=\"qubely-column-inner\"><\/div><\/div>\n\n\n\n<div class=\"wp-block-qubely-column qubely-column qubely-column-front qubely-block-abee34\"><div class=\"qubely-column-inner\"><div class=\"wp-block-image has-lightbox\">\n<figure class=\"aligncenter size-full is-resized\"><img loading=\"lazy\" decoding=\"async\" width=\"600\" height=\"400\" src=\"https:\/\/ciesas.edu.mx\/investigacion\/wp-content\/uploads\/2020\/04\/catedra-arturo-warman.png\" alt=\"\" class=\"wp-image-4925\" style=\"width:700px;height:400px\" title=\"\" srcset=\"https:\/\/ciesas.edu.mx\/investigacion\/wp-content\/uploads\/2020\/04\/catedra-arturo-warman.png 600w, https:\/\/ciesas.edu.mx\/investigacion\/wp-content\/uploads\/2020\/04\/catedra-arturo-warman-300x200.png 300w, https:\/\/ciesas.edu.mx\/investigacion\/wp-content\/uploads\/2020\/04\/catedra-arturo-warman-437x291.png 437w\" sizes=\"auto, (max-width: 600px) 100vw, 600px\" \/><\/figure><\/div>\n\n\n<p><a href=\"http:\/\/www.catedrawarman.unam.mx\/pdf\/200701_convocatoria_premio_arturo_warman.pdf\" target=\"_blank\" rel=\"noreferrer noopener\"><\/a><\/p>\n\n\n\n<p style=\"text-align: justify;\"><b>C\u00e1tedra Interinstitucional Arturo Warman<\/b><\/p>\n<p style=\"text-align: justify;\">Coordinadora: Dra. Patricia Torres Mej\u00eda (CIESAS Ciudad de M\u00e9xico)<\/p>\n<p style=\"text-align: justify;\">Correo: <a href=\"mailto:ptorresmejia@gmail.com\">ptorresmejia@gmail.com<\/a><\/p>\n<p style=\"text-align: justify;\">En el a\u00f1o 2006 se instituy\u00f3 esta distinci\u00f3n bienal, cuya finalidad se enfoca en alentar los temas de discusi\u00f3n nacional e internacional que desarroll\u00f3 el insigne antrop\u00f3logo durante su actividad acad\u00e9mica y social, y a su vez, fomentar el an\u00e1lisis de su vida y obra. Fue dividido en las categor\u00edas licenciatura, maestr\u00eda, doctorado e investigaci\u00f3n. La C\u00e1tedra Interinstitucional Arturo Warman esta concertada entre la Universidad Nacional Aut\u00f3noma de M\u00e9xico, el Instituto Nacional de Antropolog\u00eda e Historia, El Colegio de M\u00e9xico, el Centro de Investigaciones y Estudios Superiores en Antropolog\u00eda Social, la Universidad Aut\u00f3noma Metropolitana, la Universidad Iberoamericana, A.C. y el Colegio de Etn\u00f3logos y Antrop\u00f3logos, A.C., con el prop\u00f3sito de alentar las investigaciones sobre los campos y temas que desarroll\u00f3 el Dr. Arturo Warman, as\u00ed como sobre su vida y obra.<\/p>\n<p>Visitar el <a href=\"https:\/\/www.catedrawarman.unam.mx\/\" target=\"_blank\" rel=\"noopener\">sitio C\u00e1tedra Interinstitucional Arturo Warman&nbsp;<\/a><\/p>\n<p style=\"text-align: justify;\">\n<p style=\"text-align: justify;\">\n<\/div><\/div>\n\n\n\n<div class=\"wp-block-qubely-column qubely-column qubely-column-front qubely-block-479359\"><div class=\"qubely-column-inner\"><\/div><\/div>\n<\/div><\/div><\/div>\n\n\n\n<p class=\"has-text-align-center\"><\/p>\n\n\n\n<p class=\"has-text-align-center\"><\/p>\n\n\n\n<div class=\"wp-block-qubely-row qubely-section qubely-block-dcb01e\"><div class=\"qubely-row-overlay\"><\/div><div class=\"qubely-container\"><div class=\"qubely-row \">\n<div class=\"wp-block-qubely-column qubely-column qubely-column-front qubely-block-f01dec\"><div class=\"qubely-column-inner\"><\/div><\/div>\n\n\n\n<div class=\"wp-block-qubely-column qubely-column qubely-column-front qubely-block-9a881b\"><div class=\"qubely-column-inner\">\n<table id=\"tablepress-13\" class=\"tablepress tablepress-id-13 tablepress-responsive\">\n<thead>\n<tr class=\"row-1\">\n\t<th class=\"column-1\">T\u00edtulo del curso o premio<\/th><th class=\"column-2\">Profesor\/Instituci\u00f3n<\/th><th class=\"column-3\">Fecha del curso o premio<\/th><th class=\"column-4\">Lugar<\/th><td class=\"column-5\"><\/td>\n<\/tr>\n<\/thead>\n<tbody class=\"row-striping row-hover\">\n<tr class=\"row-2\">\n\t<td class=\"column-1\">Quinta Edici\u00f3n (2014)<br \/>\nDe las fincas a las comunidades agrarias. La construcci\u00f3n de los espacios sociales en Simojovel y Huitiup\u00e1n, Chiapas (del siglo XIX a principios del XXI).<br \/>\nAgrobiocombustibles en disputa. Simulaciones desarrollistas en Chiapas:<br \/>\nConocimiento tradicional de hongos medicinales en seis localidades diferentes del pa\u00eds.<br \/>\nMenciones Honor\u00edficas<\/td><td class=\"column-2\">Doctorado: Sonia Toledo Tello.<br \/>\nMaestr\u00eda: Daniel Felipe Gait\u00e1n Tolosa.<br \/>\nLicenciatura: Joshua Anthuan Bautista Gonz\u00e1lez.<\/td><td class=\"column-3\">2014<br \/>\n2014<br \/>\n2014<br \/>\n2014<\/td><td class=\"column-4\">CIESAS CDMX<br \/>\nCIESAS CDMX<br \/>\nCIESAS CDMX<br \/>\nCIESAS CDMX<\/td><td class=\"column-5\"><\/td>\n<\/tr>\n<tr class=\"row-3\">\n\t<td class=\"column-1\">Pol\u00edtica, legalidad y ambig\u00fcedad: Or\u00edgenes y surgimiento del Programa de Atenci\u00f3n a Conflictos Sociales en el Medio Rural (2000-2012).<br \/>\nColectivos juveniles Ayuuk: nuevas formas del Ser y Estar en Comunidad.<\/td><td class=\"column-2\">Maestr\u00eda: Santiago Ruy S\u00e1nchez de Orellana, Centro de Estudios Internacionales del Colegio de M\u00e9xico.<\/td><td class=\"column-3\">2016<\/td><td class=\"column-4\">CIESAS CDMX<\/td><td class=\"column-5\"><\/td>\n<\/tr>\n<tr class=\"row-4\">\n\t<td class=\"column-1\">Con   una   investigaci\u00f3n   de   302   p\u00e1ginas   denominada \u201cMegaproyectos, despojo y resistencias: el caso de la Sierra Norte  de  Puebla  como  territorio  estrat\u00e9gico  en  disputa\u201d, Gerardo Romero Bartolo, becario nahua de la Facultad de Filosof\u00eda  y  Letras,  gan\u00f3  el  Premio  Warman  2018  en  la categor\u00eda de licenciatura.<br \/>\nAsimismo,  Pamela  P\u00e9rez  Ponce,  tambi\u00e9n  integrante  del SBEI,   becaria   pur\u00e9pecha   de   Michoac\u00e1n,   licenciada   en Ciencia Pol\u00edtica y Administraci\u00f3n P\u00fablica, de la Facultad de Ciencias  Pol\u00edticas  y  Sociales,  realiz\u00f3  un  abordaje  sobre  el gobierno aut\u00f3nomo ind\u00edgena de Cher\u00e1n K\u2019eri, con el que se le concedi\u00f3 una menci\u00f3n honor\u00edfica en licenciatura.<br \/>\nEn maestr\u00eda, Donatto Daniel Badillo Cuevas, de Filosof\u00eda y Letras,    triunf\u00f3    con    su    investigaci\u00f3n    \u201cMovilizaciones comunales   y   horizonte   aut\u00f3nomo   en   Cajamarca,   Per\u00fa (2001-2014)\u201d.<\/td><td class=\"column-2\">Gerardo Romero Bartolo, becario nahua de la Facultad de Filosof\u00eda y Letras<br \/>\nPamela P\u00e9rez Ponce, tambi\u00e9n integrante del SBEI.<br \/>\nDonatto Daniel Badillo Cuevas, de Filosof\u00eda y Letras<\/td><td class=\"column-3\">2018<\/td><td class=\"column-4\">UNAM<\/td><td class=\"column-5\"><\/td>\n<\/tr>\n<\/tbody>\n<\/table>\n\n<\/div><\/div>\n\n\n\n<div class=\"wp-block-qubely-column qubely-column qubely-column-front qubely-block-823221\"><div class=\"qubely-column-inner\"><\/div><\/div>\n<\/div><\/div><\/div>\n<div class=\"pvc_clear\"><\/div><p id=\"pvc_stats_9416\" class=\"pvc_stats all  \" data-element-id=\"9416\" style=\"\"><i class=\"pvc-stats-icon small\" aria-hidden=\"true\"><svg aria-hidden=\"true\" focusable=\"false\" data-prefix=\"far\" data-icon=\"chart-bar\" role=\"img\" xmlns=\"http:\/\/www.w3.org\/2000\/svg\" viewBox=\"0 0 512 512\" class=\"svg-inline--fa fa-chart-bar fa-w-16 fa-2x\"><path fill=\"currentColor\" d=\"M396.8 352h22.4c6.4 0 12.8-6.4 12.8-12.8V108.8c0-6.4-6.4-12.8-12.8-12.8h-22.4c-6.4 0-12.8 6.4-12.8 12.8v230.4c0 6.4 6.4 12.8 12.8 12.8zm-192 0h22.4c6.4 0 12.8-6.4 12.8-12.8V140.8c0-6.4-6.4-12.8-12.8-12.8h-22.4c-6.4 0-12.8 6.4-12.8 12.8v198.4c0 6.4 6.4 12.8 12.8 12.8zm96 0h22.4c6.4 0 12.8-6.4 12.8-12.8V204.8c0-6.4-6.4-12.8-12.8-12.8h-22.4c-6.4 0-12.8 6.4-12.8 12.8v134.4c0 6.4 6.4 12.8 12.8 12.8zM496 400H48V80c0-8.84-7.16-16-16-16H16C7.16 64 0 71.16 0 80v336c0 17.67 14.33 32 32 32h464c8.84 0 16-7.16 16-16v-16c0-8.84-7.16-16-16-16zm-387.2-48h22.4c6.4 0 12.8-6.4 12.8-12.8v-70.4c0-6.4-6.4-12.8-12.8-12.8h-22.4c-6.4 0-12.8 6.4-12.8 12.8v70.4c0 6.4 6.4 12.8 12.8 12.8z\" class=\"\"><\/path><\/svg><\/i> <img loading=\"lazy\" decoding=\"async\" width=\"16\" height=\"16\" alt=\"Loading\" src=\"https:\/\/ciesas.edu.mx\/investigacion\/wp-content\/plugins\/page-views-count\/ajax-loader-2x.gif\" border=0 \/><\/p><div class=\"pvc_clear\"><\/div>","protected":false},"excerpt":{"rendered":"<div class=\"pvc_clear\"><\/div>\n<p id=\"pvc_stats_9416\" class=\"pvc_stats all  \" data-element-id=\"9416\" style=\"\"><i class=\"pvc-stats-icon small\" aria-hidden=\"true\"><svg aria-hidden=\"true\" focusable=\"false\" data-prefix=\"far\" data-icon=\"chart-bar\" role=\"img\" xmlns=\"http:\/\/www.w3.org\/2000\/svg\" viewBox=\"0 0 512 512\" class=\"svg-inline--fa fa-chart-bar fa-w-16 fa-2x\"><path fill=\"currentColor\" d=\"M396.8 352h22.4c6.4 0 12.8-6.4 12.8-12.8V108.8c0-6.4-6.4-12.8-12.8-12.8h-22.4c-6.4 0-12.8 6.4-12.8 12.8v230.4c0 6.4 6.4 12.8 12.8 12.8zm-192 0h22.4c6.4 0 12.8-6.4 12.8-12.8V140.8c0-6.4-6.4-12.8-12.8-12.8h-22.4c-6.4 0-12.8 6.4-12.8 12.8v198.4c0 6.4 6.4 12.8 12.8 12.8zm96 0h22.4c6.4 0 12.8-6.4 12.8-12.8V204.8c0-6.4-6.4-12.8-12.8-12.8h-22.4c-6.4 0-12.8 6.4-12.8 12.8v134.4c0 6.4 6.4 12.8 12.8 12.8zM496 400H48V80c0-8.84-7.16-16-16-16H16C7.16 64 0 71.16 0 80v336c0 17.67 14.33 32 32 32h464c8.84 0 16-7.16 16-16v-16c0-8.84-7.16-16-16-16zm-387.2-48h22.4c6.4 0 12.8-6.4 12.8-12.8v-70.4c0-6.4-6.4-12.8-12.8-12.8h-22.4c-6.4 0-12.8 6.4-12.8 12.8v70.4c0 6.4 6.4 12.8 12.8 12.8z\" class=\"\"><\/path><\/svg><\/i> <img loading=\"lazy\" decoding=\"async\" width=\"16\" height=\"16\" alt=\"Loading\" src=\"https:\/\/ciesas.edu.mx\/investigacion\/wp-content\/plugins\/page-views-count\/ajax-loader-2x.gif\" border=0 \/><\/p>\n<div class=\"pvc_clear\"><\/div>\n","protected":false},"author":5,"featured_media":0,"parent":0,"menu_order":77,"comment_status":"closed","ping_status":"closed","template":"","meta":{"qubely_global_settings":"","qubely_interactions":"","om_disable_all_campaigns":false,"_uag_custom_page_level_css":"","_monsterinsights_skip_tracking":false,"_monsterinsights_sitenote_active":false,"_monsterinsights_sitenote_note":"","_monsterinsights_sitenote_category":0,"footnotes":""},"class_list":["post-9416","page","type-page","status-publish","hentry"],"aioseo_notices":[],"featured_image_urls_v2":{"full":"","thumbnail":"","medium":"","medium_large":"","large":"","1536x1536":"","2048x2048":"","qubely_landscape":"","qubely_portrait":"","qubely_thumbnail":"","gb-block-post-grid-landscape":"","gb-block-post-grid-square":"","ciesas":"","noticias":"","noticias_portrait":"","posgrados":"","fotoacademicos":"","noticias-investigacion":"","academico":"","academico-listado":"","sedes-foto":""},"post_excerpt_stackable_v2":"<p>C\u00e1tedra Interinstitucional Arturo Warman Coordinadora: Dra. Patricia Torres Mej\u00eda (CIESAS Ciudad de M\u00e9xico) Correo: ptorresmejia@gmail.com En el a\u00f1o 2006 se instituy\u00f3 esta distinci\u00f3n bienal, cuya finalidad se enfoca en alentar los temas de discusi\u00f3n nacional e internacional que desarroll\u00f3 el insigne antrop\u00f3logo durante su actividad acad\u00e9mica y social, y a su vez, fomentar el an\u00e1lisis de su vida y obra. Fue dividido en las categor\u00edas licenciatura, maestr\u00eda, doctorado e investigaci\u00f3n. La C\u00e1tedra Interinstitucional Arturo Warman esta concertada entre la Universidad Nacional Aut\u00f3noma de M\u00e9xico, el Instituto Nacional de Antropolog\u00eda e Historia, El Colegio de M\u00e9xico, el Centro de Investigaciones y&hellip;<\/p>\n<div class=\"pvc_clear\"><\/div>\n<p id=\"pvc_stats_9416\" class=\"pvc_stats all  \" data-element-id=\"9416\" style=\"\"><i class=\"pvc-stats-icon small\" aria-hidden=\"true\"><svg aria-hidden=\"true\" focusable=\"false\" data-prefix=\"far\" data-icon=\"chart-bar\" role=\"img\" xmlns=\"http:\/\/www.w3.org\/2000\/svg\" viewBox=\"0 0 512 512\" class=\"svg-inline--fa fa-chart-bar fa-w-16 fa-2x\"><path fill=\"currentColor\" d=\"M396.8 352h22.4c6.4 0 12.8-6.4 12.8-12.8V108.8c0-6.4-6.4-12.8-12.8-12.8h-22.4c-6.4 0-12.8 6.4-12.8 12.8v230.4c0 6.4 6.4 12.8 12.8 12.8zm-192 0h22.4c6.4 0 12.8-6.4 12.8-12.8V140.8c0-6.4-6.4-12.8-12.8-12.8h-22.4c-6.4 0-12.8 6.4-12.8 12.8v198.4c0 6.4 6.4 12.8 12.8 12.8zm96 0h22.4c6.4 0 12.8-6.4 12.8-12.8V204.8c0-6.4-6.4-12.8-12.8-12.8h-22.4c-6.4 0-12.8 6.4-12.8 12.8v134.4c0 6.4 6.4 12.8 12.8 12.8zM496 400H48V80c0-8.84-7.16-16-16-16H16C7.16 64 0 71.16 0 80v336c0 17.67 14.33 32 32 32h464c8.84 0 16-7.16 16-16v-16c0-8.84-7.16-16-16-16zm-387.2-48h22.4c6.4 0 12.8-6.4 12.8-12.8v-70.4c0-6.4-6.4-12.8-12.8-12.8h-22.4c-6.4 0-12.8 6.4-12.8 12.8v70.4c0 6.4 6.4 12.8 12.8 12.8z\" class=\"\"><\/path><\/svg><\/i> <img loading=\"lazy\" decoding=\"async\" width=\"16\" height=\"16\" alt=\"Loading\" src=\"https:\/\/ciesas.edu.mx\/investigacion\/wp-content\/plugins\/page-views-count\/ajax-loader-2x.gif\" border=0 \/><\/p>\n<div class=\"pvc_clear\"><\/div>\n","category_list_v2":"","author_info_v2":{"name":"Elizabeth","url":"https:\/\/ciesas.edu.mx\/investigacion\/author\/elizabeth\/"},"comments_num_v2":"0 comentarios","featured_image_src":null,"featured_image_src_square":null,"uagb_featured_image_src":{"full":false,"thumbnail":false,"medium":false,"medium_large":false,"large":false,"1536x1536":false,"2048x2048":false,"qubely_landscape":false,"qubely_portrait":false,"qubely_thumbnail":false,"gb-block-post-grid-landscape":false,"gb-block-post-grid-square":false,"ciesas":false,"noticias":false,"noticias_portrait":false,"posgrados":false,"fotoacademicos":false,"noticias-investigacion":false,"academico":false,"academico-listado":false,"sedes-foto":false},"uagb_author_info":{"display_name":"Elizabeth","author_link":"https:\/\/ciesas.edu.mx\/investigacion\/author\/elizabeth\/"},"uagb_comment_info":0,"uagb_excerpt":null,"_links":{"self":[{"href":"https:\/\/ciesas.edu.mx\/investigacion\/wp-json\/wp\/v2\/pages\/9416","targetHints":{"allow":["GET"]}}],"collection":[{"href":"https:\/\/ciesas.edu.mx\/investigacion\/wp-json\/wp\/v2\/pages"}],"about":[{"href":"https:\/\/ciesas.edu.mx\/investigacion\/wp-json\/wp\/v2\/types\/page"}],"author":[{"embeddable":true,"href":"https:\/\/ciesas.edu.mx\/investigacion\/wp-json\/wp\/v2\/users\/5"}],"replies":[{"embeddable":true,"href":"https:\/\/ciesas.edu.mx\/investigacion\/wp-json\/wp\/v2\/comments?post=9416"}],"version-history":[{"count":2,"href":"https:\/\/ciesas.edu.mx\/investigacion\/wp-json\/wp\/v2\/pages\/9416\/revisions"}],"predecessor-version":[{"id":17197,"href":"https:\/\/ciesas.edu.mx\/investigacion\/wp-json\/wp\/v2\/pages\/9416\/revisions\/17197"}],"wp:attachment":[{"href":"https:\/\/ciesas.edu.mx\/investigacion\/wp-json\/wp\/v2\/media?parent=9416"}],"curies":[{"name":"wp","href":"https:\/\/api.w.org\/{rel}","templated":true}]}}