{"id":9425,"date":"2020-09-19T18:52:05","date_gmt":"2020-09-19T18:52:05","guid":{"rendered":"https:\/\/capazmente.com\/investigacion\/?page_id=9425"},"modified":"2025-01-20T23:42:41","modified_gmt":"2025-01-20T23:42:41","slug":"gonzalo-aguirre-beltran","status":"publish","type":"page","link":"https:\/\/ciesas.edu.mx\/investigacion\/gonzalo-aguirre-beltran\/","title":{"rendered":"Gonzalo Aguirre Beltr\u00e1n"},"content":{"rendered":"\n<div class=\"wp-block-qubely-row qubely-section qubely-block-1fe60c\"><div class=\"qubely-row-overlay\"><\/div><div class=\"qubely-container\"><div class=\"qubely-row \">\n<div class=\"wp-block-qubely-column qubely-column qubely-column-front qubely-block-155649\"><div class=\"qubely-column-inner\"><\/div><\/div>\n\n\n\n<div class=\"wp-block-qubely-column qubely-column qubely-column-front qubely-block-c1a83c\"><div class=\"qubely-column-inner\">\n<figure class=\"wp-block-image size-large is-resized\"><img loading=\"lazy\" decoding=\"async\" width=\"600\" height=\"400\" src=\"https:\/\/ciesas.edu.mx\/investigacion\/wp-content\/uploads\/2020\/04\/catedra-gonzalo-aguirre-beltran.png\" alt=\"\" class=\"wp-image-4927\" style=\"width:700px\" srcset=\"https:\/\/ciesas.edu.mx\/investigacion\/wp-content\/uploads\/2020\/04\/catedra-gonzalo-aguirre-beltran.png 600w, https:\/\/ciesas.edu.mx\/investigacion\/wp-content\/uploads\/2020\/04\/catedra-gonzalo-aguirre-beltran-300x200.png 300w, https:\/\/ciesas.edu.mx\/investigacion\/wp-content\/uploads\/2020\/04\/catedra-gonzalo-aguirre-beltran-437x291.png 437w\" sizes=\"auto, (max-width: 600px) 100vw, 600px\" \/><\/figure>\n\n\n\n<p><b>C\u00e1tedra Gonzalo Aguirre Beltr\u00e1n<\/b><\/p>\n<p>Coordinador: Dr. Sa\u00fal Horacio Moreno Andrade (CIESAS Golfo)<br \/>Correo: <a href=\"mailto:direccion.golfo@ciesas.edu.mx\">direccion.golfo@ciesas.edu.mx<\/a><\/p>\n<p style=\"text-align: justify;\">El 20 de enero del 2008,\u00a0la Universidad Veracruzana\u00a0(UV) y el Centro de Investigaciones y Estudios Superiores en Antropolog\u00eda Social\u00a0(CIESAS)\u00a0firmaron en la ciudad de Tlacotalpan, Veracruz, el Convenio espec\u00edfico de colaboraci\u00f3n C\u00e1tedra Gonzalo Aguirre Beltr\u00e1n.\u00a0El motivo de este era rendir un homenaje p\u00f3stumo al ilustre antrop\u00f3logo y m\u00e9dico, fundador del CISINAH \u2013 CIESAS en 1973 y del CIESAS \u2013 Golfo en 1982;\u00a0e impulsar la docencia y la investigaci\u00f3n antropol\u00f3gica en el \u00e1rea del Golfo-Caribe en los temas trabajados por el Dr. Aguirre Beltr\u00e1n: Estudios \u00c9tnicos, Antropolog\u00eda Aplicada al Desarrollo, Antropolog\u00eda M\u00e9dica, Sociedades Afroamericanas, Lenguas Vern\u00e1culas y Educaci\u00f3n en el Medio Ind\u00edgena;\u00a0entre los m\u00e1s destacados.<\/p>\n<p style=\"text-align: justify;\">La creaci\u00f3n de la C\u00e1tedra Gonzalo Aguirre Beltr\u00e1n\u00a0ha constituido una estrategia exitosa para impulsar las relaciones regionales, nacionales e internacionales de la Sede Golfo y del CIESAS. Ha contribuido a establecer una relaci\u00f3n con el gobierno estatal, que habr\u00eda que cuidar y fortalecer, ha impulsado un mayor acercamiento con la Universidad Veracruzana y ha resultado favorable para el fortalecimiento de la Maestr\u00eda en Antropolog\u00eda Social del CIESAS \u2013 Golfo.<\/p>\n<p style=\"text-align: justify;\">\u00a0<\/p>\n<\/div><\/div>\n\n\n\n<div class=\"wp-block-qubely-column qubely-column qubely-column-front qubely-block-fa57fb\"><div class=\"qubely-column-inner\"><\/div><\/div>\n<\/div><\/div><\/div>\n\n\n\n<div class=\"wp-block-qubely-row qubely-section qubely-block-d93394\"><div class=\"qubely-row-overlay\"><\/div><div class=\"qubely-container\"><div class=\"qubely-row \">\n<div class=\"wp-block-qubely-column qubely-column qubely-column-front qubely-block-822a67\"><div class=\"qubely-column-inner\"><\/div><\/div>\n\n\n\n<div class=\"wp-block-qubely-column qubely-column qubely-column-front qubely-block-b163e9\"><div class=\"qubely-column-inner\">\n<table id=\"tablepress-15\" class=\"tablepress tablepress-id-15 tablepress-responsive\">\n<thead>\n<tr class=\"row-1\">\n\t<th class=\"column-1\">T\u00edtulo del curso o premio<\/th><th class=\"column-2\">Profesor\/Instituci\u00f3n<\/th><th class=\"column-3\">Fecha del curso o premio<\/th><th class=\"column-4\">Lugar<\/th><td class=\"column-5\"><\/td>\n<\/tr>\n<\/thead>\n<tbody class=\"row-striping row-hover\">\n<tr class=\"row-2\">\n\t<td class=\"column-1\">En la edici\u00f3n 2016,  la tesis doctoral merecedora del premio fue: \u201cImaginarios de futuro de la juventud rural. Educaci\u00f3n superior intercultural en la sierra de Zongolica, Veracruz, M\u00e9xico\u201d,<br \/>\nMenci\u00f3n Honor\u00edfica \u201cEntre la normatividad comunitaria y las instituciones de salud. Procesos reproductivos y salud materna en mujeres ind\u00edgenas de la Costa Chica de Guerrero\u201d<br \/>\nMenci\u00f3n Honor\u00edfica \u201cEn los m\u00e1rgenes de la (in)seguridad: desplazamiento forzado y relaciones de g\u00e9nero y poder en San Juan Copala, Oaxaca\u201c.<\/td><td class=\"column-2\">Shantal Meseguer Galv\u00e1n, egresada del Doctorado en Antropolog\u00eda y Bienestar Social, de la Universidad de Granada.<br \/>\nLina Rosa Berr\u00edo Palomo,  egresada del Doctorado en Ciencias Antropol\u00f3gicas de la Universidad Aut\u00f3noma Metropolitana-Itztapalapa,<br \/>\nNatalia Leonor de Marinis, del doctorado en Doctorado en Antropolog\u00eda del CIESAS-DF, por su tesis<\/td><td class=\"column-3\">2014<br \/>\n2014<br \/>\n2014<\/td><td class=\"column-4\">CIESAS GOLFO<br \/>\nCIESAS GOLFO<br \/>\nCIESAS GOLFO<\/td><td class=\"column-5\"><\/td>\n<\/tr>\n<tr class=\"row-3\">\n\t<td class=\"column-1\">En la edici\u00f3n 2016,  la tesis doctoral merecedora del premio fue: \u201cBiotipolog\u00eda y estudios biotipol\u00f3gicos en M\u00e9xico. La ciencia de la arquitectura e ingenier\u00eda del cuerpo humano para atender los problemas sociales (1930-1960)\u201d.<\/td><td class=\"column-2\">Karina V\u00e1zquez Bernal, doctorada por la Universidad Michoacana de San Nicol\u00e1s de Hidalgo, con el trabajo<\/td><td class=\"column-3\">2015<\/td><td class=\"column-4\">CIESAS GOLFO<\/td><td class=\"column-5\"><\/td>\n<\/tr>\n<tr class=\"row-4\">\n\t<td class=\"column-1\">C\u00e1tedra \u201cGonzalo Aguirre Beltr\u00e1n\u201d 2019 inicia actividades<br \/>\nSu titular, Jos\u00e9 Manuel Valenzuela Arce, dictar\u00e1 la conferencia magistral \u201cFronteras, desplazamientos y geopol\u00edtica\u201d, el 23 de septiembre a las 12:00 horas en el MAX<br \/>\nSe entregar\u00e1 a Sandra Elena Guevara Flores el premio a la Mejor tesis doctoral en Antropolog\u00eda Social y disciplinas afines 2018<\/td><td class=\"column-2\">Dr. Jos\u00e9 Manuel Valenzuela Arce, Departamento de Estudios Culturales de El Colegio de la Frontera Norte<\/td><td class=\"column-3\">2019<\/td><td class=\"column-4\">CIESAS GOLFO Y LA UNIVERSIDAD VERACRUZANA<\/td><td class=\"column-5\"><\/td>\n<\/tr>\n<\/tbody>\n<\/table>\n\n<\/div><\/div>\n\n\n\n<div class=\"wp-block-qubely-column qubely-column qubely-column-front qubely-block-4afeb9\"><div class=\"qubely-column-inner\"><\/div><\/div>\n<\/div><\/div><\/div>\n<div class=\"pvc_clear\"><\/div><p id=\"pvc_stats_9425\" class=\"pvc_stats all  \" data-element-id=\"9425\" style=\"\"><i class=\"pvc-stats-icon small\" aria-hidden=\"true\"><svg aria-hidden=\"true\" focusable=\"false\" data-prefix=\"far\" data-icon=\"chart-bar\" role=\"img\" xmlns=\"http:\/\/www.w3.org\/2000\/svg\" viewBox=\"0 0 512 512\" class=\"svg-inline--fa fa-chart-bar fa-w-16 fa-2x\"><path fill=\"currentColor\" d=\"M396.8 352h22.4c6.4 0 12.8-6.4 12.8-12.8V108.8c0-6.4-6.4-12.8-12.8-12.8h-22.4c-6.4 0-12.8 6.4-12.8 12.8v230.4c0 6.4 6.4 12.8 12.8 12.8zm-192 0h22.4c6.4 0 12.8-6.4 12.8-12.8V140.8c0-6.4-6.4-12.8-12.8-12.8h-22.4c-6.4 0-12.8 6.4-12.8 12.8v198.4c0 6.4 6.4 12.8 12.8 12.8zm96 0h22.4c6.4 0 12.8-6.4 12.8-12.8V204.8c0-6.4-6.4-12.8-12.8-12.8h-22.4c-6.4 0-12.8 6.4-12.8 12.8v134.4c0 6.4 6.4 12.8 12.8 12.8zM496 400H48V80c0-8.84-7.16-16-16-16H16C7.16 64 0 71.16 0 80v336c0 17.67 14.33 32 32 32h464c8.84 0 16-7.16 16-16v-16c0-8.84-7.16-16-16-16zm-387.2-48h22.4c6.4 0 12.8-6.4 12.8-12.8v-70.4c0-6.4-6.4-12.8-12.8-12.8h-22.4c-6.4 0-12.8 6.4-12.8 12.8v70.4c0 6.4 6.4 12.8 12.8 12.8z\" class=\"\"><\/path><\/svg><\/i> <img loading=\"lazy\" decoding=\"async\" width=\"16\" height=\"16\" alt=\"Loading\" src=\"https:\/\/ciesas.edu.mx\/investigacion\/wp-content\/plugins\/page-views-count\/ajax-loader-2x.gif\" border=0 \/><\/p><div class=\"pvc_clear\"><\/div>","protected":false},"excerpt":{"rendered":"<div class=\"pvc_clear\"><\/div>\n<p id=\"pvc_stats_9425\" class=\"pvc_stats all  \" data-element-id=\"9425\" style=\"\"><i class=\"pvc-stats-icon small\" aria-hidden=\"true\"><svg aria-hidden=\"true\" focusable=\"false\" data-prefix=\"far\" data-icon=\"chart-bar\" role=\"img\" xmlns=\"http:\/\/www.w3.org\/2000\/svg\" viewBox=\"0 0 512 512\" class=\"svg-inline--fa fa-chart-bar fa-w-16 fa-2x\"><path fill=\"currentColor\" d=\"M396.8 352h22.4c6.4 0 12.8-6.4 12.8-12.8V108.8c0-6.4-6.4-12.8-12.8-12.8h-22.4c-6.4 0-12.8 6.4-12.8 12.8v230.4c0 6.4 6.4 12.8 12.8 12.8zm-192 0h22.4c6.4 0 12.8-6.4 12.8-12.8V140.8c0-6.4-6.4-12.8-12.8-12.8h-22.4c-6.4 0-12.8 6.4-12.8 12.8v198.4c0 6.4 6.4 12.8 12.8 12.8zm96 0h22.4c6.4 0 12.8-6.4 12.8-12.8V204.8c0-6.4-6.4-12.8-12.8-12.8h-22.4c-6.4 0-12.8 6.4-12.8 12.8v134.4c0 6.4 6.4 12.8 12.8 12.8zM496 400H48V80c0-8.84-7.16-16-16-16H16C7.16 64 0 71.16 0 80v336c0 17.67 14.33 32 32 32h464c8.84 0 16-7.16 16-16v-16c0-8.84-7.16-16-16-16zm-387.2-48h22.4c6.4 0 12.8-6.4 12.8-12.8v-70.4c0-6.4-6.4-12.8-12.8-12.8h-22.4c-6.4 0-12.8 6.4-12.8 12.8v70.4c0 6.4 6.4 12.8 12.8 12.8z\" class=\"\"><\/path><\/svg><\/i> <img loading=\"lazy\" decoding=\"async\" width=\"16\" height=\"16\" alt=\"Loading\" src=\"https:\/\/ciesas.edu.mx\/investigacion\/wp-content\/plugins\/page-views-count\/ajax-loader-2x.gif\" border=0 \/><\/p>\n<div class=\"pvc_clear\"><\/div>\n","protected":false},"author":5,"featured_media":0,"parent":0,"menu_order":75,"comment_status":"closed","ping_status":"closed","template":"","meta":{"qubely_global_settings":"","qubely_interactions":"","om_disable_all_campaigns":false,"_uag_custom_page_level_css":"","_monsterinsights_skip_tracking":false,"_monsterinsights_sitenote_active":false,"_monsterinsights_sitenote_note":"","_monsterinsights_sitenote_category":0,"footnotes":""},"class_list":["post-9425","page","type-page","status-publish","hentry"],"aioseo_notices":[],"a3_pvc":{"activated":true,"total_views":364,"today_views":0},"featured_image_urls_v2":{"full":"","thumbnail":"","medium":"","medium_large":"","large":"","1536x1536":"","2048x2048":"","qubely_landscape":"","qubely_portrait":"","qubely_thumbnail":"","gb-block-post-grid-landscape":"","gb-block-post-grid-square":"","ciesas":"","noticias":"","noticias_portrait":"","posgrados":"","fotoacademicos":"","noticias-investigacion":"","academico":"","academico-listado":"","sedes-foto":""},"post_excerpt_stackable_v2":"<p>C\u00e1tedra Gonzalo Aguirre Beltr\u00e1n Coordinador: Dr. Sa\u00fal Horacio Moreno Andrade (CIESAS Golfo)Correo: direccion.golfo@ciesas.edu.mx El 20 de enero del 2008,\u00a0la Universidad Veracruzana\u00a0(UV) y el Centro de Investigaciones y Estudios Superiores en Antropolog\u00eda Social\u00a0(CIESAS)\u00a0firmaron en la ciudad de Tlacotalpan, Veracruz, el Convenio espec\u00edfico de colaboraci\u00f3n C\u00e1tedra Gonzalo Aguirre Beltr\u00e1n.\u00a0El motivo de este era rendir un homenaje p\u00f3stumo al ilustre antrop\u00f3logo y m\u00e9dico, fundador del CISINAH \u2013 CIESAS en 1973 y del CIESAS \u2013 Golfo en 1982;\u00a0e impulsar la docencia y la investigaci\u00f3n antropol\u00f3gica en el \u00e1rea del Golfo-Caribe en los temas trabajados por el Dr. Aguirre Beltr\u00e1n: Estudios \u00c9tnicos, Antropolog\u00eda Aplicada al&hellip;<\/p>\n<div class=\"pvc_clear\"><\/div>\n<p id=\"pvc_stats_9425\" class=\"pvc_stats all  \" data-element-id=\"9425\" style=\"\"><i class=\"pvc-stats-icon small\" aria-hidden=\"true\"><svg aria-hidden=\"true\" focusable=\"false\" data-prefix=\"far\" data-icon=\"chart-bar\" role=\"img\" xmlns=\"http:\/\/www.w3.org\/2000\/svg\" viewBox=\"0 0 512 512\" class=\"svg-inline--fa fa-chart-bar fa-w-16 fa-2x\"><path fill=\"currentColor\" d=\"M396.8 352h22.4c6.4 0 12.8-6.4 12.8-12.8V108.8c0-6.4-6.4-12.8-12.8-12.8h-22.4c-6.4 0-12.8 6.4-12.8 12.8v230.4c0 6.4 6.4 12.8 12.8 12.8zm-192 0h22.4c6.4 0 12.8-6.4 12.8-12.8V140.8c0-6.4-6.4-12.8-12.8-12.8h-22.4c-6.4 0-12.8 6.4-12.8 12.8v198.4c0 6.4 6.4 12.8 12.8 12.8zm96 0h22.4c6.4 0 12.8-6.4 12.8-12.8V204.8c0-6.4-6.4-12.8-12.8-12.8h-22.4c-6.4 0-12.8 6.4-12.8 12.8v134.4c0 6.4 6.4 12.8 12.8 12.8zM496 400H48V80c0-8.84-7.16-16-16-16H16C7.16 64 0 71.16 0 80v336c0 17.67 14.33 32 32 32h464c8.84 0 16-7.16 16-16v-16c0-8.84-7.16-16-16-16zm-387.2-48h22.4c6.4 0 12.8-6.4 12.8-12.8v-70.4c0-6.4-6.4-12.8-12.8-12.8h-22.4c-6.4 0-12.8 6.4-12.8 12.8v70.4c0 6.4 6.4 12.8 12.8 12.8z\" class=\"\"><\/path><\/svg><\/i> <img loading=\"lazy\" decoding=\"async\" width=\"16\" height=\"16\" alt=\"Loading\" src=\"https:\/\/ciesas.edu.mx\/investigacion\/wp-content\/plugins\/page-views-count\/ajax-loader-2x.gif\" border=0 \/><\/p>\n<div class=\"pvc_clear\"><\/div>\n","category_list_v2":"","author_info_v2":{"name":"Elizabeth","url":"https:\/\/ciesas.edu.mx\/investigacion\/author\/elizabeth\/"},"comments_num_v2":"0 comentarios","featured_image_src":null,"featured_image_src_square":null,"uagb_featured_image_src":{"full":false,"thumbnail":false,"medium":false,"medium_large":false,"large":false,"1536x1536":false,"2048x2048":false,"qubely_landscape":false,"qubely_portrait":false,"qubely_thumbnail":false,"gb-block-post-grid-landscape":false,"gb-block-post-grid-square":false,"ciesas":false,"noticias":false,"noticias_portrait":false,"posgrados":false,"fotoacademicos":false,"noticias-investigacion":false,"academico":false,"academico-listado":false,"sedes-foto":false},"uagb_author_info":{"display_name":"Elizabeth","author_link":"https:\/\/ciesas.edu.mx\/investigacion\/author\/elizabeth\/"},"uagb_comment_info":0,"uagb_excerpt":null,"_links":{"self":[{"href":"https:\/\/ciesas.edu.mx\/investigacion\/wp-json\/wp\/v2\/pages\/9425","targetHints":{"allow":["GET"]}}],"collection":[{"href":"https:\/\/ciesas.edu.mx\/investigacion\/wp-json\/wp\/v2\/pages"}],"about":[{"href":"https:\/\/ciesas.edu.mx\/investigacion\/wp-json\/wp\/v2\/types\/page"}],"author":[{"embeddable":true,"href":"https:\/\/ciesas.edu.mx\/investigacion\/wp-json\/wp\/v2\/users\/5"}],"replies":[{"embeddable":true,"href":"https:\/\/ciesas.edu.mx\/investigacion\/wp-json\/wp\/v2\/comments?post=9425"}],"version-history":[{"count":1,"href":"https:\/\/ciesas.edu.mx\/investigacion\/wp-json\/wp\/v2\/pages\/9425\/revisions"}],"predecessor-version":[{"id":17199,"href":"https:\/\/ciesas.edu.mx\/investigacion\/wp-json\/wp\/v2\/pages\/9425\/revisions\/17199"}],"wp:attachment":[{"href":"https:\/\/ciesas.edu.mx\/investigacion\/wp-json\/wp\/v2\/media?parent=9425"}],"curies":[{"name":"wp","href":"https:\/\/api.w.org\/{rel}","templated":true}]}}